 Determine f(n).
-7
Let l = -173 - -174. Let a = -1 + 1. Let r(m) = 2 + a + m - l. Give r(-1).
0
Let o = -28 - -39. Let f(p) be the second derivative of -p**4/12 + 11*p**3/6 - 2*p**2 + 3*p. Calculate f(o).
-4
Let k(d) = d + 3*d - 5*d - 3 + 4*d + d**2. Suppose -18 = 4*p - 2. Determine k(p).
1
Let l(j) = j**3 - 5*j**2 + 5*j - 11. Let u be l(4). Let g(t) = -t**2 - 15*t + 7. Determine g(u).
63
Let p(d) = -d + 4 - 5 + d**2 + 6*d + 8. Let l be (-1 - 0)/(4/20). What is p(l)?
7
Suppose 0 = x + 13 - 4. Let m = 3 + x. Let g(k) = 1 + k + 0 + k**2 + 5*k. Give g(m).
1
Let g(m) = m**3 - 5*m**2 + 7*m - 6. Suppose 2*v = v. Suppose p + 4*q + 4 = v, 7 + 25 = p - 5*q. Suppose z + p = 4*z. Give g(z).
6
Let i(j) = j + 1. Let a(b) = -5*b + 33. Let p(r) = -2*r + 11. Let s(x) = 3*a(x) - 8*p(x). Let u(d) = 3*i(d) - s(d). Give u(6).
4
Let t(s) = -s**3 + 4*s**2 - 2*s + 6. Let m(g) be the third derivative of -g**5/60 + g**4 + 28*g**3/3 - 4*g**2. Let h be m(26). What is t(h)?
-2
Let j(w) be the third derivative of -w**5/60 - 2*w**4/3 - 11*w**3/3 - 246*w**2. Calculate j(-15).
-7
Let h(j) = 1 - 3 + 4*j + 1 - 5*j. Let f be (6/12)/(3/18). What is h(f)?
-4
Let k(w) be the second derivative of -w**3/6 + 7*w**2/2 - 234*w. What is k(8)?
-1
Let u(j) = 9*j**2 + 5 + 13 + j - 13 + 3*j. Let z(n) = -5*n**2 - 2*n - 3. Let i(s) = -4*u(s) - 7*z(s). Determine i(2).
-7
Suppose -3*b + 48 = -9*b. Let q(s) = s + 12. Let m(y) = -1. Let i(c) = 4*m(c) + q(c). Calculate i(b).
0
Let w(j) = -9*j**3 - j**2 + 1. Let q = -74 - -48. Let c(y) = y**3 + 8*y**2 + 10*y + 13. Let o be c(-6). Let f = o + q. Give w(f).
9
Suppose 10 = 32*w - 30*w, -4 = -3*z - 2*w. Let n(p) = -p**3 - 4*p - 5. What is n(z)?
11
Let i(x) = -x**2 + 16*x + 1. Suppose -5*c = -0*n + n - 37, 5*c = -2*n + 49. What is i(n)?
49
Let d(s) be the second derivative of s**4/6 - 2*s**3/3 - s**2/2 - s - 72. Calculate d(-3).
29
Let i(f) be the third derivative of f**6/120 + 7*f**5/60 + f**4/12 + f**3 + f**2 + 2*f. Determine i(-7).
-8
Let n be (-36)/(-21) - (-6)/21. Let j(y) = 6*y**n + 2*y**2 - 2*y + 3*y - 3*y**2 + 1. What is j(-1)?
5
Let p(g) = -g**3 + g**2 - 1. Let s be ((-14)/28)/(-1 - 61/(-62)). Let i = s + -31. What is p(i)?
-1
Let c(k) = -2*k**2 - k + 1. Suppose 5*p = -l + 1, 3*p + 3*l + 9 = -0*l. Let h be (-4 - (-1 + 0)) + p. Calculate c(h).
-5
Suppose 0 = 3*b - 10*b + 959. Let r = 131 - b. Let p(o) = 2*o. Calculate p(r).
-12
Let k(z) = 2*z**2 + 2*z + 1. Suppose -4*b + 3*c - 12 = 4, 5*b + 4*c = -20. Let j be 1/(-6)*-8*6/b. Determine k(j).
5
Let g be (-2)/12 + (-262)/12. Let r = g - -24. Suppose 0 = 3*s + r*s - 20. Let d(y) = -y**2 + 6*y - 2. Calculate d(s).
6
Let i(v) be the first derivative of v**2/2 + 3*v + 61. Determine i(8).
11
Let t(w) = -7*w + 9. Let z be t(1). Let y(b) be the third derivative of 5/24*b**4 - 2/3*b**3 - 1/15*b**5 + 0*b + 0 + 1/120*b**6 - 3*b**z. Calculate y(3).
2
Let v = -30 + 60. Suppose 0 = -b + v - 120. Let w be ((-4)/6)/(10/b). Let m(d) = -d**2 + 5*d. Determine m(w).
-6
Let m be 3*((-80)/(-6))/4. Let n be 12/m*10/4. Let h(a) be the first derivative of a**3/3 - 3*a**2 + a + 512. Give h(n).
-8
Let c be (-5 - 3)*(-117)/36. Let j = -47 + 76. Let g = j - c. Let k(m) = m**2 - 2*m - 3. Calculate k(g).
0
Let c be ((-6)/(-4))/(-4 - 57/(-12)). Let o(q) = -11*q**2 + 2*q**3 + 3 + 3*q + 10*q**2 + 3*q**c. Suppose 0 = -n + g - 1, 3*n - 2*g = 2*g - 2. Calculate o(n).
-11
Let s(z) = 2*z + 12*z**3 - 13*z**3 - 40*z**2 + 45*z**2 + 3. Determine s(5).
13
Let b(r) = -r**2 + 4*r + 3. Let d(h) = 8*h - 4. Let p be d(1). Suppose 4*t = -5*s - p, 2*s + 8 = -t + 4. Determine b(t).
3
Let y(d) = 43*d - 5*d**2 - d**3 + 39*d + 11 + 41*d - 119*d. Calculate y(-5).
-9
Let c = -5 + -2. Let x(n) = 3*n**2 - 17*n + 5. Let w(r) = r**2 - 4*r + 1. Let g(z) = 7*w(z) - 2*x(z). Calculate g(c).
4
Suppose -5*t = 5*y + 45, 5*t + 14 = -11. Let o(v) = 2*v - 3. Determine o(y).
-11
Let j(l) = 204*l**2 - 71*l**2 - 73*l**2 - 2*l - l**3 + 3 - 64*l**2. What is j(-3)?
0
Suppose 6 = -p - 0*p + r, 5*r = -p. Let j(k) = -k**2 - 7*k - 7. Determine j(p).
3
Let l(k) = k + 3. Let p(r) be the first derivative of r**2/2 + 3*r - 8. Let u(g) = 3*l(g) - 2*p(g). What is u(-6)?
-3
Let z be (-9 + 4)*2/(-10). Let n(w) = z - 1 + 3 - w. Let v be (-5)/((-25)/(-5)) - 3. Calculate n(v).
7
Let p be (-2 + 0/(-5))/(-2). Suppose 10 = h + p. Let l(d) = -3*d + 4*d**2 - h + 8 - 5*d**2. Determine l(-4).
-5
Let w = -5 - -9. Let k(p) = 7*p - 2*p - w*p. Give k(-1).
-1
Let g(s) = 9*s**2 + 2*s - 3. Suppose -11 = -6*v - 5*v. What is g(v)?
8
Let n(c) be the second derivative of -c**3/6 + 9*c**2/2 + 12*c - 3. What is n(7)?
2
Let y(v) be the second derivative of v**3/2 - 25*v**2 - v - 131. Determine y(14).
-8
Let q(w) = -12*w - 22. Let y = -713 - -711. Calculate q(y).
2
Let n(i) be the third derivative of -i**8/20160 + i**7/5040 + 17*i**6/720 + 17*i**5/60 + 19*i**2. Let p(s) be the third derivative of n(s). What is p(0)?
17
Let l be (-24)/30 - (-2 + (-258)/10). Suppose 8*y + 21 + l = 0. Let a(c) = -c**3 - 8*c**2 - 7*c + 4. Give a(y).
-26
Let o(n) = -n**3 - 9*n**2 - 4*n + 38. Let x be o(-8). Let k(p) = -p + 17. Calculate k(x).
11
Let n(w) = -4*w**3 + 2*w**2. Let o be (16/(16/4) - 6) + 4. What is n(o)?
-24
Let b be 8/(0 + 2 + 0). Let r = b - 0. Let d(q) = 2*q**3 - 6*q**2 - 21*q + 6. Let n(x) = x**3 - 3*x**2 - 11*x + 3. Let a(h) = 6*d(h) - 11*n(h). What is a(r)?
-1
Let l(f) = -20*f + 29. Let z(h) = -7*h + 10. Let m = 7 + 1. Let i(v) = m*z(v) - 3*l(v). Determine i(5).
13
Let o be (-3 - -3)*1/(-2). Let u(d) = -5*d - 1. Let x(t) = -4*t. Let q(y) = -3*u(y) + 4*x(y). What is q(o)?
3
Let g(f) be the third derivative of -1/12*f**4 + 0*f + 0 + 11/6*f**3 - 13*f**2. Calculate g(9).
-7
Let k(q) = q + 1. Let f = 6 - 6. Suppose f = 6*t - 2*t + 4. Let o(x) = -x**2 + 2*x + 7. Let n(v) = t*o(v) + 6*k(v). Determine n(-3).
-4
Let v(d) be the second derivative of -d**4/3 - d**3 - d**2 - 17*d + 2. Determine v(-2).
-6
Let h(u) = 3*u**2 + 4*u - 3. Let w(m) = -m**3 + 2*m**2 - 2*m + 2. Let l be w(2). Let z be (-3)/(-12)*l + 5/2. Determine h(z).
17
Let k(d) = -3*d**2 + 8*d + 4. Let a(x) = -16*x**2 + 41*x + 19. Let h(p) = -2*a(p) + 11*k(p). Calculate h(6).
6
Let o(n) = -6*n + 4. Let a(m) be the first derivative of -7*m + 11/2*m**2 + 4. Let z(s) = -3*a(s) - 5*o(s). Calculate z(-1).
4
Let t(g) be the first derivative of -1/2*g**3 - 1/12*g**4 + 5 + 3/2*g**2 + 0*g. Let u(k) be the second derivative of t(k). Determine u(-2).
1
Let n = -1 - -1. Let l(p) = 431*p**2 + 421*p**2 + p**3 + p - 1277*p**2 + 424*p**2 + 3. What is l(n)?
3
Suppose 3*p + p + 28 = -4*d, 5*d = p - 5. Let r(c) = 2 + 10*c**2 + 0*c**3 + 2*c - 10*c**2 - c**3. Calculate r(d).
6
Let i(f) = -f**2 - 3*f. Let b be 8/(-6)*((-10)/4 - -1). Suppose 0*j = 5*j - 25. Let y = b - j. Give i(y).
0
Let w(i) = 2*i**2 - 4*i + 2. Let r(b) = -b**2 - 4*b + 4. Let m(c) = -c**2 - 1. Let v(d) = -2*m(d) - r(d). Let t be v(-2). Give w(t).
2
Let i = 31681/24 - 1320. Let t(o) be the third derivative of 0 + 0*o + i*o**4 - 1/2*o**3 - 3*o**2. Calculate t(3).
0
Let w(j) be the third derivative of j**4/24 - j**3/6 - 2*j**2. Suppose -3*q = -6 + 15. What is w(q)?
-4
Let w(l) = 8*l**2 + 11*l + 7. Let j(x) = -7*x**2 - 10*x - 7. Let r(i) = -7*j(i) - 6*w(i). Determine r(-4).
7
Let y(t) = -2*t + 1. Suppose -2*h - 27 = -2*f + 119, 2*h + 5*f = -146. Let x = h + 76. Give y(x).
-5
Let l = -103 - -102. Let b(t) = 18*t**3 - t. What is b(l)?
-17
Suppose -2*t - 40 = 4*p, 0*p = -5*p + t - 43. Let x(o) be the third derivative of o**5/60 + 7*o**4/24 + o**3/3 - 90*o**2 + 3. Determine x(p).
20
Suppose 5*o = -4*z + 64, 96 = 7*o - 2*o - 4*z. Suppose -6 = 5*i - o. Let k(f) = -2*f**3 + 3*f**2 - 2*f + 2. Give k(i).
-6
Suppose 3*l - 1 = 44. Suppose 2*u - 5*h = 6, -5*u = -4*h - h - l. Let d(g) = u*g - 8 - 5*g + g + g**3 + 9*g - 7*g**2. What is d(6)?
4
Let a(i) = 13*i. Let o(j) = -11*j. Let k(b) = 5*a(b) + 6*o(b). Calculate k(10).
-10
Suppose -70*s = -29*s + 246. Let y(q) = -q**2 - 10*q - 6. What is y(s)?
18
Let h(b) be the second derivative of 1/3*b**3 + 1/2*b**2 + 0 + b. Suppose 2*g + 5*j = -0*j + 27, -20 = -5*g - 3*j. What is h(g)?
3
Let o(t) = t**3 + 5*t**2 + 4*t + 1. Let k(f) = -f + 21. Let n = -23 - -41. Let u be k(n). Suppose -u = 2*g - g. Give o(g).
7
Suppose 3*k + 2*r - 21 = -3*r, 2 = -2*k + 2*r. Suppose -12 = 4*f + 5*a, k*f - 